{"id":2716,"date":"2023-03-31T08:57:35","date_gmt":"2023-03-31T06:57:35","guid":{"rendered":"https:\/\/www.brusano.brussels\/pdf\/la-declaration-anticipee-negative\/"},"modified":"2023-05-19T15:22:12","modified_gmt":"2023-05-19T13:22:12","slug":"la-declaration-anticipee-negative","status":"publish","type":"pdf","link":"https:\/\/www.brusano.brussels\/nl\/pdf\/la-declaration-anticipee-negative\/","title":{"rendered":"La d\u00e9claration anticip\u00e9e n\u00e9gative"},"featured_media":0,"template":"","section":[101],"class_list":["post-2716","pdf","type-pdf","status-publish","hentry","section-outils"],"acf":[],"_links":{"self":[{"href":"https:\/\/www.brusano.brussels\/nl\/wp-json\/wp\/v2\/pdf\/2716","targetHints":{"allow":["GET"]}}],"collection":[{"href":"https:\/\/www.brusano.brussels\/nl\/wp-json\/wp\/v2\/pdf"}],"about":[{"href":"https:\/\/www.brusano.brussels\/nl\/wp-json\/wp\/v2\/types\/pdf"}],"wp:attachment":[{"href":"https:\/\/www.brusano.brussels\/nl\/wp-json\/wp\/v2\/media?parent=2716"}],"wp:term":[{"taxonomy":"section","embeddable":true,"href":"https:\/\/www.brusano.brussels\/nl\/wp-json\/wp\/v2\/section?post=2716"}],"curies":[{"name":"wp","href":"https:\/\/api.w.org\/{rel}","templated":true}]}}

La déclaration anticipée négative
