{"id":2715,"date":"2023-03-31T08:58:43","date_gmt":"2023-03-31T06:58:43","guid":{"rendered":"https:\/\/www.brusano.brussels\/pdf\/la-declaration-anticipee-relative-a-leuthanasie\/"},"modified":"2023-05-19T15:22:21","modified_gmt":"2023-05-19T13:22:21","slug":"la-declaration-anticipee-relative-a-leuthanasie","status":"publish","type":"pdf","link":"https:\/\/www.brusano.brussels\/nl\/pdf\/la-declaration-anticipee-relative-a-leuthanasie\/","title":{"rendered":"La d\u00e9claration anticip\u00e9e relative \u00e0 l\u2019euthanasie"},"featured_media":0,"template":"","section":[101],"class_list":["post-2715","pdf","type-pdf","status-publish","hentry","section-outils"],"acf":[],"_links":{"self":[{"href":"https:\/\/www.brusano.brussels\/nl\/wp-json\/wp\/v2\/pdf\/2715","targetHints":{"allow":["GET"]}}],"collection":[{"href":"https:\/\/www.brusano.brussels\/nl\/wp-json\/wp\/v2\/pdf"}],"about":[{"href":"https:\/\/www.brusano.brussels\/nl\/wp-json\/wp\/v2\/types\/pdf"}],"wp:attachment":[{"href":"https:\/\/www.brusano.brussels\/nl\/wp-json\/wp\/v2\/media?parent=2715"}],"wp:term":[{"taxonomy":"section","embeddable":true,"href":"https:\/\/www.brusano.brussels\/nl\/wp-json\/wp\/v2\/section?post=2715"}],"curies":[{"name":"wp","href":"https:\/\/api.w.org\/{rel}","templated":true}]}}

La déclaration anticipée relative à l’euthanasie
